7 - 56/(-8) - 9 is divided by 17?
11
Let m(t) = t**2 - t - 13. Let u be m(5). What is the remainder when 3 is divided by 4/8*(u + -5)?
0
Suppose -3*t + t = -2*i + 376, i = -4*t + 203. Calculate the remainder when i is divided by 40.
31
Let b be (-7)/(-21) - 130/(-6). Let o = b - 9. What is the remainder when o is divided by 3?
1
Let a = 847 - 220. Let q be a/9 - (-4)/(-6). Suppose 5*r - 86 = q. Calculate the remainder when r is divided by 17.
14
Let n be ((-16)/(-20))/(4/10). Suppose -5*x + n*q = -q + 19, -q = -3. Let l = x - -13. What is the remainder when l is divided by 4?
3
Let j be (-888)/(-36) - 2/3. Let o be (12/(-16))/(3/j). Calculate the remainder when 14 is divided by (16/o)/((-2)/3).
2
Let a(z) = -28 + 0 + 5 + 18*z + 10. Calculate the remainder when 91 is divided by a(2).
22
Calculate the remainder when (-1 + (-1)/(-5))/(56/(-2660)) is divided by (-20)/2*(-8)/10.
6
Suppose v - 3*v = 0. Suppose v*r = -r + 19. Let q(d) = d**3 + 17*d**2 - 5*d - 31. What is the remainder when q(-17) is divided by r?
16
Suppose r = 9 - 6. Let z = 0 + r. Calculate the remainder when 6 is divided by z.
0
Let d(y) = 3*y - 4. Let t(g) = -7*g + 7. Let v(u) = 11*d(u) + 6*t(u). Let r be v(-1). Suppose -4*a + r = -65. Calculate the remainder when a is divided by 7.
4
Suppose -5*k - 2*t - 7 = t, 2*k = -t - 2. Suppose -2*u = -k - 13. What is the remainder when u is divided by 4?
3
Let n(g) = g**2 + 3. Suppose l = 2*l. Let v be n(l). Suppose 5*h = v*d + 123, -2*h + 3*d - 7*d = -70. Calculate the remainder when h is divided by 6.
3
Let v be 129/9 - 4/(-6). Let d be (-12)/v*-5*1. Suppose 0*a + 4*m = -4*a + 40, d*a - m - 50 = 0. What is the remainder when 21 is divided by a?
9
Let n be (-8)/(-6)*(-114)/1. What is the remainder when n/(-6) - 7/21 is divided by 7?
4
Suppose -294 - 90 = -16*b. What is the remainder when b is divided by 4?
0
Suppose -t + 4*b = 1, -5*t + 4*b = 6*b - 17. What is the remainder when 161 is divided by t?
2
Suppose -11*z - 110 = -12*z. Calculate the remainder when z is divided by 19.
15
Suppose -6*k + 3*k + 21 = 0. Suppose g = -4 + 9. What is the remainder when (-21)/k*(-32)/6 is divided by g?
1
Suppose 0 = -4*o + 2*g + 720, -5*g + 433 - 97 = 2*o. Calculate the remainder when o is divided by 6.
4
Calculate the remainder when 2446 is divided by ((-68)/4)/(3/72*-3).
134
Let d = 38 + -23. Let m = 6037 - 5965. What is the remainder when m is divided by d?
12
Let g(s) = s**2 - 14*s + 34. Let c be g(12). What is the remainder when 63 is divided by 68/c*(-2 - -7)?
29
Let r = 26 + 14. Let x = -29 + r. Calculate the remainder when 96 is divided by x.
8
Let a = -20 - -8. Calculate the remainder when 87 is divided by (a/(-5))/((-46)/(-575)).
27
Calculate the remainder when 124 is divided by (-200)/(25/(-5)) + 4.
36
Suppose 5*r = -5, 3*w - 26*r + 25*r - 25 = 0. What is the remainder when 20 is divided by w?
4
Let j be ((-16)/(-4) + -4)/2. Suppose j*n + 5*n = 535. What is the remainder when n is divided by 27?
26
Let m be 60/(-18) - 2/(1 - 7). Let p(z) = -z**2 - 3*z + 13. Calculate the remainder when p(m) is divided by 8.
5
Suppose -5*o - 6 = -2*u, -5*u + 4 = -4*o - 28. Suppose 4*c + 2*t + 4 = 8*c, -4*t + 19 = c. Calculate the remainder when u is divided by c.
2
Let l(o) = o**2 - 3*o + 3. Let r be -4*(3/2)/(-3). Let p(t) = 4*t + 5. Calculate the remainder when p(r) is divided by l(4).
6
Let o = 21 + -36. Let i(m) = -16 + 12*m - 10 + m**2 + 13. Calculate the remainder when 127 is divided by i(o).
31
Let k(m) = 8*m**2 - 2*m + 9. Let g be k(6). Suppose 10*s = 5*s + g. What is the remainder when s is divided by 30?
27
Suppose 0 = -0*u - 5*u - 10, 5*u + 22 = 4*z. Suppose -4*s - 22 = -h, z*s + 25 = 3*h - 23. What is the remainder when 35 is divided by h?
7
Let g = 162 - 124. Calculate the remainder when 92 is divided by g.
16
Suppose -5*z + 21 = -d, 3*d + 0*d + 5*z + 3 = 0. What is the remainder when 19 is divided by d/(-8) - (-3 + 52/(-16))?
5
Let p = -4 + 13. Suppose 6*o - p*o + 39 = 0. Calculate the remainder when 35 is divided by o.
9
Let f(b) = -b**2 - 8*b + 42. Let v be f(4). Let p = 28 - v. What is the remainder when 58 is divided by p?
24
Suppose 0 = 49*z - 30*z - 3515. What is the remainder when z is divided by 38?
33
Suppose -44*u + 56 = -42*u. Calculate the remainder when 220 is divided by u.
24
Suppose -9*z + 456 + 354 = 0. Calculate the remainder when z is divided by 60.
30
Let s = -107 + 187. Let y be (-3)/((12/s)/(-1)). Suppose 0*h - h + y = 0. What is the remainder when 57 is divided by h?
17
What is the remainder when 4 - (-2 - -10) - (3 + -176) is divided by 27?
7
Suppose 158 = 17*u - 165. What is the remainder when 207 is divided by u?
17
Let r = -1215 - -1228. Calculate the remainder when 2168 is divided by r.
10
Let b be 2/4 - 3/6. Suppose 3*a = 5*n + 82, b = a + 2*n - 9 - 11. What is the remainder when a is divided by 9?
6
Let h(y) = y**3 - 13*y**2 - 23*y - 25. Let u be h(14). Let s = u + 162. What is the remainder when 49 is divided by s?
5
Let s(l) = -l**3 - l**2 + 3*l + 101. Calculate the remainder when s(0) is divided by 37.
27
Suppose 0 = 16*d + 3869 - 31053. What is the remainder when d is divided by 9?
7
Suppose -4*k = -23 + 3. Suppose -k*r + 2*r = -57. Suppose i + 25 = 6*i, 2*i = 5*l - 270. What is the remainder when l is divided by r?
18
Suppose -1456 = -4*d - 4*p, -7*d + 5*p - 1098 = -10*d. Suppose 14*f - 33*f + d = 0. Let b(x) = -13*x - 4. Calculate the remainder when b(-6) is divided by f.
17
Let s(k) = 2*k**2 + 4*k - 1. What is the remainder when 93 is divided by s(4)?
46
Let t(k) = -k**3 + 10*k**2 - 15*k - 2. Calculate the remainder when 161 is divided by t(5).
17
Suppose -5*i = -0*i. Let r(u) = -u + 45. What is the remainder when r(i) is divided by 16?
13
Suppose 3*s = -0*s + 108. Suppose -s = -3*n - 12. Let r = -18 - -32. What is the remainder when r is divided by n?
6
Let x = -218 - -253. What is the remainder when 172 is divided by x?
32
Let g = 0 + 3. Let i(v) = v**2 + 2*v - 3. Let j = -275 - -310. What is the remainder when j is divided by i(g)?
11
Let q be (-50)/(-18) + 12/54. Suppose -q*p + 8*p = 70. Suppose 2*l = 4*l - 10. Calculate the remainder when p is divided by l.
4
Suppose 2*d - 5*k + 15 = -2, 4*d - 6 = 2*k. Suppose 5*l + 271 = d*g, -247 = -7*g + 4*g - 5*l. What is the remainder when g is divided by 19?
17
Let d = -9 - -92. Calculate the remainder when d is divided by 11.
6
Let k = -21 + 24. Suppose k*h + i - 34 = 8, 28 = 2*h + 5*i. Calculate the remainder when 26 is divided by h.
12
Let m(b) = 3*b + 2. Let n be m(-4). Let g(y) = y**2 + 9*y - 6. Calculate the remainder when 33 is divided by g(n).
1
Suppose 4*u - 224 = -21*f + 18*f, -2*u + 152 = 2*f. What is the remainder when f is divided by 22?
14
Suppose 4*q - 9 = -1. Let o(c) = -6*c**3 + 16*c + 16. What is the remainder when o(-1) is divided by q?
0
Let f(i) = -i**3 - 6*i**2 + 9*i + 131. Calculate the remainder when f(-8) is divided by 30.
7
Let p = 1485 - 1474. What is the remainder when 18 is divided by p?
7
Let i = -1799 - -754. What is the remainder when i/(-30) + 1/6 is divided by 38/4 + (-2)/(-4)?
5
Suppose 0 = -8*z + 7*z + 42. Calculate the remainder when 10 is divided by z/5 - 27/(-45).
1
Let u = 67 + -119. Let c = -6 - u. Calculate the remainder when c is divided by 12.
10
Let x(b) = -b**3 - 9*b**2 - 11*b - 24. Let p be x(-8). Suppose p = -3*a + 2*s + 282, -2*a - 3*a - 2*s = -454. Calculate the remainder when a is divided by 24.
20
Let r be (-2)/(-8) - (3 - 45/12). Calculate the remainder when 42/(-49)*(-8 + r) is divided by 2.
0
Let y = 1594 - 1572. What is the remainder when 416 is divided by y?
20
Let c(q) = q**2 + q - 3. Suppose -29 = -4*s + 51. Suppose 4*g + s = 148. What is the remainder when g is divided by c(4)?
15
Suppose -f + 3*f + 5*s - 8 = 0, -5*s = 0. Let o = -3 - 1. Let z = 18 + o. What is the remainder when z is divided by f?
2
Suppose 15 = 6*h - 15. Suppose 5*a - 4 = 2*d, a + h*d = 7 + 10. What is the remainder when 10 is divided by a?
0
Calculate the remainder when 65 is divided by ((-15)/6*3)/((-3)/6).
5
Calculate the remainder when 151 is divided by ((18 - 7) + -4)*(-1 - -3).
11
Suppose 2*r = 25*r - 4784. What is the remainder when r is divided by 30?
28
Let j(z) = 7*z - 3. Suppose 12 - 64 = -4*b. Let o(g) = g**2 - 12*g - 8. L